0/16. Calculate the greatest common factor of c and 13.
13
Let j = -13 + 16. Suppose 22 = j*r - 35. Suppose 3*p + 7 = r, 5*o + p = 804. What is the highest common divisor of o and 64?
32
Suppose 5*v - 13 = 2. Suppose -41 - 49 = v*q. Let z = q - -48. Calculate the highest common divisor of 162 and z.
18
Let o be 231/9 - 4/(-12). Let z = o + -11. Let w(i) = i. Let v be w(6). What is the greatest common divisor of v and z?
3
Suppose -p - p = -162. Calculate the highest common factor of 3 and p.
3
Let d be 6*8/24 - (1 - -1). Let q be ((d - 1)*5)/((-11)/55). What is the greatest common divisor of 275 and q?
25
Let i(d) = -4*d + 3. Let w be i(-6). Let x be (-3)/(2/(-6) + 0). What is the greatest common divisor of w and x?
9
Let g be (-3 - -2)/(2/(-8)). Let f be ((-87)/72 - 120/(-320)) + (-125)/(-6). Calculate the greatest common factor of g and f.
4
Let c = 35 + -30. Suppose -3*w + 105 = 5*b, 2*w - 96 = -c*b - 21. Calculate the greatest common divisor of 6 and w.
6
Let y = 316 + -96. Let w be 10/4 - (-2)/4. Suppose y = 2*g + w*g. What is the highest common factor of g and 66?
22
Let g be (72/(-15))/(3/(-150)). What is the highest common divisor of g and 72?
24
Let i = -1089 + 1344. What is the greatest common divisor of 45 and i?
15
Let h(q) = -31*q - 208. Let i be h(-8). What is the greatest common divisor of i and 1080?
40
Let r = 15 - 17. Let c(v) = v**3 + 2*v**2. Let b be c(r). Suppose b*f - 63 = -3*f. Calculate the highest common factor of 7 and f.
7
Suppose -4*r - 4*l + 44 = -0*r, l - 20 = -2*r. Calculate the greatest common divisor of r and 25.
1
Let v(n) = 5*n + 3. Let i be v(7). Let d(b) = 15*b**2 + b - 5. Let j be (-19 + 23)*(-1)/(-2). Let f be d(j). Calculate the highest common factor of i and f.
19
Let v be (-1)/4 + (-3)/(-12). Suppose -c + v*c + 4*g + 80 = 0, -g = -3*c + 273. What is the highest common factor of 69 and c?
23
Let a be (-32)/84*45/20*189. Suppose 5*j = -3*k - 142, 0*j + 120 = -4*j - 4*k. Let s = j - a. Calculate the highest common factor of 17 and s.
17
Suppose -v = -5, 0 = 5*q + 5*v - 713 - 827. What is the highest common factor of 505 and q?
101
Let m(s) = 8*s**2 - 1. Let d be m(-1). Let b be 2*137 + (8 - d). Let q = 89 + -64. What is the greatest common factor of q and b?
25
Suppose 6*c - 5 = 409. Let m = 887 + -795. What is the highest common factor of c and m?
23
Suppose 6*n - 355 = 125. Calculate the greatest common divisor of n and 30.
10
Let g be 3/(-6) + 154/4. Suppose -259 = 16*t - 1779. Calculate the greatest common divisor of g and t.
19
Suppose -3*o + 1 + 25 = d, -2*d = -5*o - 8. Suppose 42 = -2*z + 4*z - x, x - 21 = -z. Calculate the highest common divisor of z and d.
7
Let a(c) = -c - 10. Let z be a(-19). Let q be (2 - 29)*(-3)/(9/11). What is the greatest common divisor of q and z?
9
Let x be (8 - 119/21)/(1/12). Let j(p) = -p**2 - 13*p - 12. Let y = -10 - -2. Let d be j(y). Calculate the greatest common factor of x and d.
28
Let c be 4/(-18) - 210/27. Let h(a) = -8*a - 8. Let p be h(c). What is the highest common divisor of p and 8?
8
Let r(a) = a - 6. Let n be r(14). Let i be (-8)/3*21/(-14). Suppose -3*k - 6*f = -f - 125, -164 = -i*k - 4*f. What is the greatest common factor of n and k?
8
Let d be 10/15*3/(-2) - -3. Let m be 48/d - (4 + 42/(-7)). What is the greatest common divisor of 286 and m?
26
Let w = 3 - 2. Let g(j) = 3*j**2 - 75*j + 199. Let x be g(22). What is the highest common factor of x and w?
1
Let l be 2 - 1/(-2)*-4*-1. Suppose 0 = -l*z - i + 28, -5*z = -z + 2*i - 28. Calculate the greatest common divisor of 35 and z.
7
Suppose 0 = -26*f + 27*f - 18. Suppose -2*s + 4*l = -6*s + 28, 0 = 4*s + l - 34. Calculate the highest common divisor of s and f.
9
Let n = 6 + -12. Let m be (-8)/12*n - -4. Let x be (2 - 30/9)*-42. What is the greatest common factor of x and m?
8
Suppose 4*f = -2*g + 646, 4*f + 5*g - 781 = -126. Suppose -12*r + f = -7*r. Calculate the greatest common factor of r and 224.
32
Let a be ((-16)/24)/(2/(-6)). Suppose 0 = v, -2*x + 0 - a = v. Let k(b) = 11*b**2 - 3*b - 2. Let g be k(x). Calculate the greatest common divisor of 108 and g.
12
Suppose 0 = -c + 2*c. Suppose -4*x = t + 4*t - 377, -3*t - 3*x + 225 = c. Calculate the greatest common factor of t and 7.
7
Suppose 2*y + 2*y + 2*s - 2448 = 0, -s - 3060 = -5*y. Calculate the greatest common divisor of y and 510.
102
Let r = -3 + 8. Let l = -3 + r. Suppose -4*i + 20 = -2*b - b, 2*i - l*b - 10 = 0. What is the highest common divisor of i and 35?
5
Suppose -24*k + 2160 = -14*k. What is the greatest common divisor of 576 and k?
72
Let j = 107 - 87. Suppose -4*z = 5*w - 56 - 164, -5*w - 130 = -3*z. Calculate the highest common divisor of z and j.
10
Suppose 0 = -3*m + 2 + 4. Suppose -15 = -3*l + 3*v, -28 = -4*l - m*v + 22. Let n = 18 - l. Calculate the greatest common divisor of 72 and n.
8
Let k = 31 - -67. What is the greatest common factor of k and 147?
49
Let a be (15 - (11 + -5)) + -8. What is the greatest common factor of 7 and a?
1
Suppose 0 = 3*g - 6*g. Suppose -d + 22 = b, 3*d = 2*b - g*d - 69. Let c = -8 - -17. Calculate the highest common divisor of c and b.
9
Let i be (-1 + 0 - -3)*(11 - 0). Let o = 31 - i. Calculate the highest common divisor of o and 45.
9
Suppose -153*f - 480 = -159*f. What is the greatest common factor of 10 and f?
10
Let o(l) = -l**3 + 24*l**2 - 43*l - 19. Let u be o(22). Suppose 69 = 3*t + 5*g, -4*t = -0*t + u*g - 103. What is the greatest common divisor of t and 196?
28
Suppose 7*z - 4*z = 435. Let w = z + -45. Calculate the highest common factor of w and 60.
20
Let v(f) = f**2 + 2. Let t = 2 + -10. Let s = t + 11. Let l be v(s). Calculate the greatest common factor of l and 11.
11
Suppose 5*q + 3*p = -1185, -5*p + 89 - 800 = 3*q. Let z = -229 - q. Let g be (-450)/(-8) + 2/(-8). What is the highest common divisor of g and z?
8
Let v = -628 + 745. Calculate the highest common factor of 52 and v.
13
Suppose -a + 15 = g, -2*g + 3*g - 12 = 2*a. What is the highest common factor of 4 and g?
2
Let i be (-13 + 11)*32/(-4). What is the highest common factor of i and 208?
16
Let l be -6*6/(-27) - (-893)/3. What is the highest common divisor of 26 and l?
13
Suppose 16 = -4*a, 4*r - 31 + 3 = 2*a. What is the greatest common divisor of r and 45?
5
Let a = -231 - -236. Calculate the highest common divisor of 20 and a.
5
Let v be 11/(-22)*1*-8. Let m be -7 + v - 1 - -24. Calculate the greatest common factor of 50 and m.
10
Let h(o) = -o**3 + 9*o**2 - 2*o - 9. Let b be h(8). Let a be 2/1 + (-1 - -12). Calculate the highest common factor of a and b.
13
Let r be (-1 - (-2)/5) + 621/135. Suppose -4*c - 156 = -2*l - 0*l, -4*c + r = 0. Calculate the greatest common factor of 40 and l.
40
Suppose -4*v + 0 = 12. Let h be (((-186)/v)/(-2))/(-1). Let t = h - 24. What is the greatest common divisor of 28 and t?
7
Let q(l) = l + 10. Let n be q(1). Let b(r) = r**2. Let f be b(1). Calculate the greatest common factor of f and n.
1
Suppose 14118 + 1568 = 46*f. Calculate the highest common divisor of 124 and f.
31
Let a(d) = d - 4. Let k be a(3). Let c = k - -6. Suppose -5*f - 5*j = -100, -143 + 43 = -c*f + j. What is the greatest common factor of 180 and f?
20
Suppose -4*c = 3*a - 43, c + 5*a = -3*c + 53. Suppose -3 = 4*w - 7. Calculate the highest common divisor of c and w.
1
Let n(c) = 10*c - 93. Let m be n(12). What is the greatest common divisor of 207 and m?
9
Let t = -30 - -183. Calculate the highest common factor of t and 68.
17
Let a(i) = -i. Let r be a(3). Let c = 25 + r. Calculate the highest common divisor of 2 and c.
2
Let h(j) = 2*j**2 + 208*j + 417. Let z be h(-2). Let u be (9/2)/(1/2). Calculate the highest common factor of z and u.
9
Suppose -32*q + 181 = -267. Calculate the greatest common divisor of q and 56.
14
Suppose 3*b + 56 = 2*r + 240, 176 = 3*b - 4*r. What is the greatest common factor of 768 and b?
64
Suppose o + 0*o - 3*i - 1164 = 0, -4*i + 2288 = 2*o. What is the highest common factor of o and 18?
18
Suppose 0 = 4*t - 254 - 538. Let s be (-2)/((-4)/(-63))*-2. Let b = s + -41. What is the highest common factor of b and t?
22
Suppose 0 = 40*q + 15*q - 5280. Calculate the highest common factor of q and 304.
16
Let k = -1965 - -1997. What is the greatest common divisor of 2144 and k?
32
Let n =